{"id":42,"date":"2026-02-23T19:30:51","date_gmt":"2026-02-23T19:30:51","guid":{"rendered":"http:\/\/bokincor.fr\/?page_id=42"},"modified":"2026-02-23T21:16:58","modified_gmt":"2026-02-23T21:16:58","slug":"nos-produits","status":"publish","type":"page","link":"https:\/\/bokincor.fr\/?page_id=42","title":{"rendered":"Nos produits"},"content":{"rendered":"\n<p>Tout le lait de nos ch\u00e8vres est transform\u00e9 \u00e0 la ferme en fromages pour \u00eatre vendu par nos soins. Il en est de m\u00eame pour les plantes, qui sont s\u00e9ch\u00e9es, conditionn\u00e9es. Pour plus d&#8217;infos sur nos produits et lieux de vente (qui peuvent \u00e9voluer plus vite que notre actualisation!), n&#8217;h\u00e9sitez pas \u00e0 nous contacter.<\/p>\n\n\n\n<p>Fromages de ch\u00e8vre fermiers bio<\/p>\n\n\n\n<p>Nous produisons plusieurs types de fromages:<\/p>\n\n\n\n<ul class=\"wp-block-list\">\n<li>crottins lactiques frais \u00e0 affin\u00e9s;<\/li>\n\n\n\n<li>fromages frais aromatis\u00e9s avec nos plantes;<\/li>\n\n\n\n<li>tomme de garde;<\/li>\n\n\n\n<li>tomme ortie;<\/li>\n\n\n\n<li>tomme affin\u00e9e \u00e0 la bi\u00e8re locale;<\/li>\n\n\n\n<li>\u2026.<\/li>\n<\/ul>\n\n\n\n<p>Tisanes, aromates et sirops<br>Une quarantaine de plantes aromatiques sont cultiv\u00e9es, en plus de la cueillette sauvage. Cette grande diversit\u00e9 de plantes s\u00e9ch\u00e9es est propos\u00e9e en sachets de plantes simples, sachets de tisanes de m\u00e9langes th\u00e9matiques ou d&#8217;aromates, ainsi qu&#8217;en sirops.<\/p>\n\n\n\n<p>Catalogue par ici: <a href=\"http:\/\/app.cagette.net\/p\/pro\/public\/817\">http:\/\/app.cagette.net\/p\/pro\/public\/817<\/a><\/p>\n\n\n\n<figure class=\"wp-block-image size-full\"><img loading=\"lazy\" decoding=\"async\" width=\"960\" height=\"540\" src=\"http:\/\/bokincor.fr\/wp-content\/uploads\/2026\/02\/37500591_1887356381310935_5995801034142777344_n.jpg\" alt=\"\" class=\"wp-image-64\" srcset=\"https:\/\/bokincor.fr\/wp-content\/uploads\/2026\/02\/37500591_1887356381310935_5995801034142777344_n.jpg 960w, https:\/\/bokincor.fr\/wp-content\/uploads\/2026\/02\/37500591_1887356381310935_5995801034142777344_n-300x169.jpg 300w, https:\/\/bokincor.fr\/wp-content\/uploads\/2026\/02\/37500591_1887356381310935_5995801034142777344_n-768x432.jpg 768w\" sizes=\"auto, (max-width: 960px) 100vw, 960px\" \/><\/figure>\n\n\n\n<figure class=\"wp-block-image size-large\"><img loading=\"lazy\" decoding=\"async\" width=\"768\" height=\"1024\" src=\"http:\/\/bokincor.fr\/wp-content\/uploads\/2026\/02\/20210613_094027-768x1024.jpg\" alt=\"\" class=\"wp-image-66\" srcset=\"https:\/\/bokincor.fr\/wp-content\/uploads\/2026\/02\/20210613_094027-768x1024.jpg 768w, https:\/\/bokincor.fr\/wp-content\/uploads\/2026\/02\/20210613_094027-225x300.jpg 225w, https:\/\/bokincor.fr\/wp-content\/uploads\/2026\/02\/20210613_094027-1152x1536.jpg 1152w, https:\/\/bokincor.fr\/wp-content\/uploads\/2026\/02\/20210613_094027-1536x2048.jpg 1536w, https:\/\/bokincor.fr\/wp-content\/uploads\/2026\/02\/20210613_094027-scaled.jpg 1920w\" sizes=\"auto, (max-width: 768px) 100vw, 768px\" \/><\/figure>\n\n\n\n<p>O\u00f9 trouver nos fromages&nbsp;?<\/p>\n\n\n\n<p>En plus de la vente \u00e0 la ferme le samedi matin (11-12h et de pr\u00e9f\u00e9rence sur commande), vous pouvez trouver les produits:<\/p>\n\n\n\n<ul class=\"wp-block-list\">\n<li>en amap (Dijon-Bourroches, Plombi\u00e8res les Dijon, Pouilly en Auxois);<\/li>\n\n\n\n<li>aux march\u00e9s de producteurs de Longecourt les Cul\u00eatres et du Moulin Perpreuil \u00e0 Beaune;<\/li>\n\n\n\n<li>en magasins (Biocoop Beaune et Chalon, Epicerie Locavore des Bourroches Dijon, fromagerie du Chalet Comtois \u00e0 Dijon, la Tourniquette Malain, Le Jardin d&#8217;Olivier Chagny\u2026)<\/li>\n\n\n\n<li>en restaurants (Maison Lameloise Chagny, Auberge de Guillaume Vandenesse en Auxois, Auberge Saint Martin Bouilland, Ecluse de la Charme St Victor sur Ouche\u2026)<\/li>\n<\/ul>\n\n\n\n<figure class=\"wp-block-image size-full\"><img loading=\"lazy\" decoding=\"async\" width=\"526\" height=\"701\" src=\"http:\/\/bokincor.fr\/wp-content\/uploads\/2026\/02\/36292043_2083405701687634_6121696833510047744_n.jpg\" alt=\"\" class=\"wp-image-61\" srcset=\"https:\/\/bokincor.fr\/wp-content\/uploads\/2026\/02\/36292043_2083405701687634_6121696833510047744_n.jpg 526w, https:\/\/bokincor.fr\/wp-content\/uploads\/2026\/02\/36292043_2083405701687634_6121696833510047744_n-225x300.jpg 225w\" sizes=\"auto, (max-width: 526px) 100vw, 526px\" \/><\/figure>\n\n\n\n<p>Ou trouver nos plantes&nbsp;?<\/p>\n\n\n\n<p>En plus de la vente \u00e0 la ferme le samedi matin (11-12h), vous pouvez trouver les produits dans les magasins suivants:<\/p>\n\n\n\n<p>\u200b<\/p>\n\n\n\n<p>En Cote d&#8217;Or:<\/p>\n\n\n\n<p>Biocoop &#8211; Beaune<\/p>\n\n\n\n<p>Epicerie paysanne &#8211; Beaune<\/p>\n\n\n\n<p>Court circuit 21 &#8211; Chenove<\/p>\n\n\n\n<p>Fruirouge- Nuit Saint Georges<\/p>\n\n\n\n<p>March\u00e9 de producteurs de Villebichot<\/p>\n\n\n\n<p>\u200b<\/p>\n\n\n\n<p>En Sa\u00f4ne et Loire :<\/p>\n\n\n\n<p>Les Jardins d&#8217;Olivier &#8211; Chagny<\/p>\n\n\n\n<p>Epivrac &#8211; Charolles<\/p>\n\n\n\n<p>Biocoop &#8211; Chalon sur Sa\u00f4ne<\/p>\n\n\n\n<p>Biomonde &#8211; Le Creusot<\/p>\n\n\n\n<p>Culture bio &#8211; Montceau les Mines<\/p>\n\n\n\n<p>Satoriz les bouchardes &#8211; Macon<\/p>\n\n\n\n<p>Boulangerie Rollet &#8211; Saint Bonnet de Joux<\/p>\n\n\n\n<figure class=\"wp-block-image size-full\"><img loading=\"lazy\" decoding=\"async\" width=\"720\" height=\"960\" src=\"http:\/\/bokincor.fr\/wp-content\/uploads\/2026\/02\/sureau.jpg\" alt=\"\" class=\"wp-image-63\" srcset=\"https:\/\/bokincor.fr\/wp-content\/uploads\/2026\/02\/sureau.jpg 720w, https:\/\/bokincor.fr\/wp-content\/uploads\/2026\/02\/sureau-225x300.jpg 225w\" sizes=\"auto, (max-width: 720px) 100vw, 720px\" \/><\/figure>\n\n\n\n<figure class=\"wp-block-image size-full\"><img loading=\"lazy\" decoding=\"async\" width=\"720\" height=\"540\" src=\"http:\/\/bokincor.fr\/wp-content\/uploads\/2026\/02\/marche.jpg\" alt=\"\" class=\"wp-image-80\" srcset=\"https:\/\/bokincor.fr\/wp-content\/uploads\/2026\/02\/marche.jpg 720w, https:\/\/bokincor.fr\/wp-content\/uploads\/2026\/02\/marche-300x225.jpg 300w\" sizes=\"auto, (max-width: 720px) 100vw, 720px\" \/><\/figure>\n","protected":false},"excerpt":{"rendered":"<p>Tout le lait de nos ch\u00e8vres est transform\u00e9 \u00e0 la ferme en fromages pour \u00eatre vendu par nos soins. Il en est de m\u00eame pour les plantes, qui [&hellip;]<\/p>\n","protected":false},"author":1,"featured_media":0,"parent":0,"menu_order":0,"comment_status":"closed","ping_status":"closed","template":"","meta":{"footnotes":""},"class_list":["post-42","page","type-page","status-publish","hentry"],"_links":{"self":[{"href":"https:\/\/bokincor.fr\/index.php?rest_route=\/wp\/v2\/pages\/42","targetHints":{"allow":["GET"]}}],"collection":[{"href":"https:\/\/bokincor.fr\/index.php?rest_route=\/wp\/v2\/pages"}],"about":[{"href":"https:\/\/bokincor.fr\/index.php?rest_route=\/wp\/v2\/types\/page"}],"author":[{"embeddable":true,"href":"https:\/\/bokincor.fr\/index.php?rest_route=\/wp\/v2\/users\/1"}],"replies":[{"embeddable":true,"href":"https:\/\/bokincor.fr\/index.php?rest_route=%2Fwp%2Fv2%2Fcomments&post=42"}],"version-history":[{"count":5,"href":"https:\/\/bokincor.fr\/index.php?rest_route=\/wp\/v2\/pages\/42\/revisions"}],"predecessor-version":[{"id":81,"href":"https:\/\/bokincor.fr\/index.php?rest_route=\/wp\/v2\/pages\/42\/revisions\/81"}],"wp:attachment":[{"href":"https:\/\/bokincor.fr\/index.php?rest_route=%2Fwp%2Fv2%2Fmedia&parent=42"}],"curies":[{"name":"wp","href":"https:\/\/api.w.org\/{rel}","templated":true}]}}