{"id":2,"date":"2026-02-03T06:06:40","date_gmt":"2026-02-03T06:06:40","guid":{"rendered":"http:\/\/bokincor.fr\/?page_id=2"},"modified":"2026-02-23T21:19:57","modified_gmt":"2026-02-23T21:19:57","slug":"sample-page","status":"publish","type":"page","link":"https:\/\/bokincor.fr\/","title":{"rendered":"La Ferme du B\u00f4kin Cor \u00e0 Crepey"},"content":{"rendered":"\n<p>Thomas MAURICE et Lorette VUGIER, 5 chemin du lavoir, Crepey, 21360 Aubaine &#8211; <strong>bokincor@mailo.com<\/strong><\/p>\n\n\n\n<figure class=\"wp-block-image size-large\"><img loading=\"lazy\" decoding=\"async\" width=\"1024\" height=\"830\" src=\"http:\/\/bokincor.fr\/wp-content\/uploads\/2026\/02\/dessin-1024x830.jpg\" alt=\"\" class=\"wp-image-82\" srcset=\"https:\/\/bokincor.fr\/wp-content\/uploads\/2026\/02\/dessin-1024x830.jpg 1024w, https:\/\/bokincor.fr\/wp-content\/uploads\/2026\/02\/dessin-300x243.jpg 300w, https:\/\/bokincor.fr\/wp-content\/uploads\/2026\/02\/dessin-768x623.jpg 768w, https:\/\/bokincor.fr\/wp-content\/uploads\/2026\/02\/dessin-1536x1245.jpg 1536w, https:\/\/bokincor.fr\/wp-content\/uploads\/2026\/02\/dessin.jpg 2022w\" sizes=\"auto, (max-width: 1024px) 100vw, 1024px\" \/><\/figure>\n\n\n\n<p><strong>Site en construction&#8230;et c&#8217;est pas simple de comprendre comment \u00e7a marche&#8230;Bon, nous sommes arriv\u00e9s \u00e0 mettre les essentiels ! Si tout va bien en 2027 on aura un beau site qui marche. D&#8217;ici l\u00e0, merci de votre compr\u00e9hension. Vous pouvez aller nous voir un peu sur FBK: <a href=\"https:\/\/www.facebook.com\/Fermebiquettesetcie\/\">https:\/\/www.facebook.com\/Fermebiquettesetcie\/<\/a><\/strong><\/p>\n\n\n\n<figure class=\"wp-block-image size-large\"><img loading=\"lazy\" decoding=\"async\" width=\"846\" height=\"1024\" src=\"http:\/\/bokincor.fr\/wp-content\/uploads\/2026\/02\/logo-1-846x1024.jpg\" alt=\"\" class=\"wp-image-33\" srcset=\"https:\/\/bokincor.fr\/wp-content\/uploads\/2026\/02\/logo-1-846x1024.jpg 846w, https:\/\/bokincor.fr\/wp-content\/uploads\/2026\/02\/logo-1-248x300.jpg 248w, https:\/\/bokincor.fr\/wp-content\/uploads\/2026\/02\/logo-1-768x930.jpg 768w, https:\/\/bokincor.fr\/wp-content\/uploads\/2026\/02\/logo-1-1268x1536.jpg 1268w, https:\/\/bokincor.fr\/wp-content\/uploads\/2026\/02\/logo-1.jpg 1691w\" sizes=\"auto, (max-width: 846px) 100vw, 846px\" \/><\/figure>\n\n\n\n<p><\/p>\n\n\n\n<p><\/p>\n\n\n\n<p>Ferme paysanne, bio, locale, agro-\u00e9cologique, militante, heureuse, gal\u00e9rienne, d&#8217;amour, utopique, splendide, de haute-biodiversit\u00e9, alternative, de la vall\u00e9e de l&#8217;Ouche, ensorcelante, solidaire\u2026.<\/p>\n\n\n\n<figure class=\"wp-block-image size-large\"><img loading=\"lazy\" decoding=\"async\" width=\"1024\" height=\"768\" src=\"http:\/\/bokincor.fr\/wp-content\/uploads\/2026\/02\/20210602_095802-1024x768.jpg\" alt=\"\" class=\"wp-image-37\" srcset=\"https:\/\/bokincor.fr\/wp-content\/uploads\/2026\/02\/20210602_095802-1024x768.jpg 1024w, https:\/\/bokincor.fr\/wp-content\/uploads\/2026\/02\/20210602_095802-300x225.jpg 300w, https:\/\/bokincor.fr\/wp-content\/uploads\/2026\/02\/20210602_095802-768x576.jpg 768w, https:\/\/bokincor.fr\/wp-content\/uploads\/2026\/02\/20210602_095802-1536x1152.jpg 1536w, https:\/\/bokincor.fr\/wp-content\/uploads\/2026\/02\/20210602_095802-2048x1536.jpg 2048w\" sizes=\"auto, (max-width: 1024px) 100vw, 1024px\" \/><\/figure>\n\n\n\n<figure class=\"wp-block-image size-large\"><img loading=\"lazy\" decoding=\"async\" width=\"1024\" height=\"768\" src=\"http:\/\/bokincor.fr\/wp-content\/uploads\/2026\/02\/gentianes-1024x768.jpg\" alt=\"\" class=\"wp-image-84\" srcset=\"https:\/\/bokincor.fr\/wp-content\/uploads\/2026\/02\/gentianes-1024x768.jpg 1024w, https:\/\/bokincor.fr\/wp-content\/uploads\/2026\/02\/gentianes-300x225.jpg 300w, https:\/\/bokincor.fr\/wp-content\/uploads\/2026\/02\/gentianes-768x576.jpg 768w, https:\/\/bokincor.fr\/wp-content\/uploads\/2026\/02\/gentianes-1536x1152.jpg 1536w, https:\/\/bokincor.fr\/wp-content\/uploads\/2026\/02\/gentianes.jpg 1920w\" sizes=\"auto, (max-width: 1024px) 100vw, 1024px\" \/><\/figure>\n\n\n\n<p>Un peu d&#8217;histoire<br>La ferme a \u00e9t\u00e9 cr\u00e9\u00e9e en 2013 autour de l&#8217;activit\u00e9 d&#8217;\u00e9levage caprin-fromager, sous le nom de &#8220;la Ferme Biquettes et Compagnie&#8221;. Un jardin de plantes aromatiques, actif sous le nom de &#8220;des Fleurs Plein les Poches&#8221;, s&#8217;est d\u00e9plac\u00e9 du Charollais pour enrichir la ferme en 2020. Ce d\u00e9veloppement s&#8217;est concr\u00e9tis\u00e9 par la cr\u00e9ation du GAEC du B\u00f4kin Cor en 2021.<\/p>\n\n\n\n<div class=\"wp-block-columns is-layout-flex wp-container-core-columns-is-layout-9d6595d7 wp-block-columns-is-layout-flex\">\n<div class=\"wp-block-column is-layout-flow wp-block-column-is-layout-flow\" style=\"flex-basis:100%\">\n<figure class=\"wp-block-image size-full\"><img loading=\"lazy\" decoding=\"async\" width=\"450\" height=\"600\" src=\"http:\/\/bokincor.fr\/wp-content\/uploads\/2026\/02\/bleuets.jpg\" alt=\"\" class=\"wp-image-47\" srcset=\"https:\/\/bokincor.fr\/wp-content\/uploads\/2026\/02\/bleuets.jpg 450w, https:\/\/bokincor.fr\/wp-content\/uploads\/2026\/02\/bleuets-225x300.jpg 225w\" sizes=\"auto, (max-width: 450px) 100vw, 450px\" \/><\/figure>\n<\/div>\n<\/div>\n\n\n\n<p>C&#8217;est qui c&#8217;est quoi le Bokin Cor&nbsp;?<br>Dans les for\u00eats de Crepey et des alentours, vit depuis bien longtemps un bouc particulier, le B\u00f4kin Cor. Celui-ci, pour le moins farceur, use de son violon ensorceleur pour jouer de mauvais tours aux humains et animaux qu&#8217;il croise. Alors, prenez garde en venant \u00e0 la ferme si vous entendez des airs de musique !<\/p>\n\n\n\n<figure class=\"wp-block-image size-large\"><img loading=\"lazy\" decoding=\"async\" width=\"724\" height=\"1024\" src=\"http:\/\/bokincor.fr\/wp-content\/uploads\/2026\/02\/BokinCor-724x1024.jpg\" alt=\"\" class=\"wp-image-45\" srcset=\"https:\/\/bokincor.fr\/wp-content\/uploads\/2026\/02\/BokinCor-724x1024.jpg 724w, https:\/\/bokincor.fr\/wp-content\/uploads\/2026\/02\/BokinCor-212x300.jpg 212w, https:\/\/bokincor.fr\/wp-content\/uploads\/2026\/02\/BokinCor-768x1086.jpg 768w, https:\/\/bokincor.fr\/wp-content\/uploads\/2026\/02\/BokinCor.jpg 794w\" sizes=\"auto, (max-width: 724px) 100vw, 724px\" \/><\/figure>\n\n\n\n<p><strong>Le lieu et le territoire<\/strong><br>Notre ferme est localis\u00e9e dans les arri\u00e8res c\u00f4tes de Beaune (21), dans la haute vall\u00e9e de l&#8217;Ouche. Elle se situe sur des chaumes et coteaux calcaires \u00e0 600 m d&#8217;altitude, en zone Natura 2000. Nous exploitons environ 28 ha de prairies naturelles remarquables, avec un jardin de plantes aromatiques d&#8217;un demi-hectare. 100% bio !<\/p>\n\n\n\n<figure class=\"wp-block-image size-full\"><img loading=\"lazy\" decoding=\"async\" width=\"600\" height=\"450\" src=\"http:\/\/bokincor.fr\/wp-content\/uploads\/2026\/02\/biquesPatou.jpg\" alt=\"\" class=\"wp-image-46\" srcset=\"https:\/\/bokincor.fr\/wp-content\/uploads\/2026\/02\/biquesPatou.jpg 600w, https:\/\/bokincor.fr\/wp-content\/uploads\/2026\/02\/biquesPatou-300x225.jpg 300w\" sizes=\"auto, (max-width: 600px) 100vw, 600px\" \/><\/figure>\n\n\n\n<p><strong>Un projet agricole<\/strong><br>Le jardin de plantes aromatique s&#8217;\u00e9tend sur 4000 m\u00b2, avec de la cueillette sauvage en compl\u00e9ment. L&#8217;essentiel est s\u00e9ch\u00e9 et vendu en tisanes et aromates, ainsi qu&#8217;en sirops.<\/p>\n\n\n\n<p>L&#8217;\u00e9levage de ch\u00e8vre est compos\u00e9 d&#8217;une quarantaine de laiti\u00e8res issues d&#8217;une race rustique, la race lorraine, qui p\u00e2turent sur environ 28 ha de prairies et landes naturelles de petite montagne. Toute la production laiti\u00e8re est transform\u00e9e en fromages. Toute la transformation et la vente directe est assur\u00e9e par nos soins.<\/p>\n\n\n\n<figure class=\"wp-block-image size-full\"><img loading=\"lazy\" decoding=\"async\" width=\"960\" height=\"720\" src=\"http:\/\/bokincor.fr\/wp-content\/uploads\/2026\/02\/chevrettes-queso.jpg\" alt=\"\" class=\"wp-image-78\" srcset=\"https:\/\/bokincor.fr\/wp-content\/uploads\/2026\/02\/chevrettes-queso.jpg 960w, https:\/\/bokincor.fr\/wp-content\/uploads\/2026\/02\/chevrettes-queso-300x225.jpg 300w, https:\/\/bokincor.fr\/wp-content\/uploads\/2026\/02\/chevrettes-queso-768x576.jpg 768w\" sizes=\"auto, (max-width: 960px) 100vw, 960px\" \/><\/figure>\n\n\n\n<p>Les deux activit\u00e9s occupent bien et font vivre les 2 associ\u00e9s que nous sommes.<\/p>\n\n\n\n<p>Notre ferme est une vraie ferme productive int\u00e9gr\u00e9e dans l&#8217;\u00e9conomie et la vie locale.<\/p>\n\n\n\n<figure class=\"wp-block-image size-large\"><img loading=\"lazy\" decoding=\"async\" width=\"1024\" height=\"768\" src=\"http:\/\/bokincor.fr\/wp-content\/uploads\/2026\/02\/20210618_091909-1024x768.jpg\" alt=\"\" class=\"wp-image-50\" srcset=\"https:\/\/bokincor.fr\/wp-content\/uploads\/2026\/02\/20210618_091909-1024x768.jpg 1024w, https:\/\/bokincor.fr\/wp-content\/uploads\/2026\/02\/20210618_091909-300x225.jpg 300w, https:\/\/bokincor.fr\/wp-content\/uploads\/2026\/02\/20210618_091909-768x576.jpg 768w, https:\/\/bokincor.fr\/wp-content\/uploads\/2026\/02\/20210618_091909-1536x1152.jpg 1536w, https:\/\/bokincor.fr\/wp-content\/uploads\/2026\/02\/20210618_091909-2048x1536.jpg 2048w\" sizes=\"auto, (max-width: 1024px) 100vw, 1024px\" \/><figcaption class=\"wp-element-caption\"><br><strong>Un projet militant<\/strong><br>Nous revendiquons de mener bien plus qu&#8217;un simple projet agricole. Nous pratiquons une agriculture \u00e9cologique, biologique, locale, paysanne, en rupture avec le mod\u00e8le productiviste dominant et sa galaxie. La ferme est bien s\u00fbr le support de nos activit\u00e9s. Mais nous sommes aussi tr\u00e8s engag\u00e9s dans des d\u00e9marches militantes en lien avec nos activit\u00e9s agricoles et nos sensibilit\u00e9s \u00e0 l&#8217;ext\u00e9rieur de la ferme (comme \u00e0 la Conf\u00e9d\u00e9ration Paysanne).<br>Nous avons l&#8217;espoir, en participant \u00e0 notre modeste \u00e9chelle autant que possible \u00e0 faire bouger les choses, de contribuer \u00e0 un avenir meilleur que la trajectoire dramatique que nous prenons. Pour des campagnes vivantes, riches de nombreuses fermes actives, solidaires, r\u00e9mun\u00e9ratrices, qui \u00e9voluent en harmonie avec nos territoires (respect du vivant, de nos ressources vitales), qui alimentent localement en qualit\u00e9 toute la population, tout en s&#8217;affrontant aux enjeux climatiques. Tel est le sens de notre choix de vie.<\/figcaption><\/figure>\n\n\n\n<figure class=\"wp-block-image size-full\"><img loading=\"lazy\" decoding=\"async\" width=\"556\" height=\"600\" src=\"http:\/\/bokincor.fr\/wp-content\/uploads\/2026\/02\/Demain-il-fera-soleil-.jpg\" alt=\"\" class=\"wp-image-52\" srcset=\"https:\/\/bokincor.fr\/wp-content\/uploads\/2026\/02\/Demain-il-fera-soleil-.jpg 556w, https:\/\/bokincor.fr\/wp-content\/uploads\/2026\/02\/Demain-il-fera-soleil--278x300.jpg 278w\" sizes=\"auto, (max-width: 556px) 100vw, 556px\" \/><\/figure>\n","protected":false},"excerpt":{"rendered":"<p>Thomas MAURICE et Lorette VUGIER, 5 chemin du lavoir, Crepey, 21360 Aubaine &#8211; bokincor@mailo.com Site en construction&#8230;et c&#8217;est pas simple de comprendre comment \u00e7a marche&#8230;Bon, nous sommes arriv\u00e9s [&hellip;]<\/p>\n","protected":false},"author":1,"featured_media":0,"parent":0,"menu_order":0,"comment_status":"closed","ping_status":"open","template":"","meta":{"footnotes":""},"class_list":["post-2","page","type-page","status-publish","hentry"],"_links":{"self":[{"href":"https:\/\/bokincor.fr\/index.php?rest_route=\/wp\/v2\/pages\/2","targetHints":{"allow":["GET"]}}],"collection":[{"href":"https:\/\/bokincor.fr\/index.php?rest_route=\/wp\/v2\/pages"}],"about":[{"href":"https:\/\/bokincor.fr\/index.php?rest_route=\/wp\/v2\/types\/page"}],"author":[{"embeddable":true,"href":"https:\/\/bokincor.fr\/index.php?rest_route=\/wp\/v2\/users\/1"}],"replies":[{"embeddable":true,"href":"https:\/\/bokincor.fr\/index.php?rest_route=%2Fwp%2Fv2%2Fcomments&post=2"}],"version-history":[{"count":13,"href":"https:\/\/bokincor.fr\/index.php?rest_route=\/wp\/v2\/pages\/2\/revisions"}],"predecessor-version":[{"id":85,"href":"https:\/\/bokincor.fr\/index.php?rest_route=\/wp\/v2\/pages\/2\/revisions\/85"}],"wp:attachment":[{"href":"https:\/\/bokincor.fr\/index.php?rest_route=%2Fwp%2Fv2%2Fmedia&parent=2"}],"curies":[{"name":"wp","href":"https:\/\/api.w.org\/{rel}","templated":true}]}}